st the prime factors of a(-2).
29
Let m(w) = -51*w + 30. Let s be m(-7). Suppose 3*n - 395 = -4*h, -4*h + 5*n = -0*h - s. What are the prime factors of h?
2, 7
Suppose 176 = -3*n + 2*i, -3*n - 3*i - 164 = -2*i. Let b = n - -16. Let t = -21 - b. What are the prime factors of t?
19
Suppose -208*k + 3914 = -207*k. What are the prime factors of k?
2, 19, 103
What are the prime factors of (-7 - 37/(-7))/((-4)/1554)?
2, 3, 37
Let g = 205 + -190. Let a be 1 + -3 - (-18 + 2). Suppose x + g = 2*s, 4*s - 11 - a = x. What are the prime factors of s?
5
Suppose 0*j = -4*j + 4*r - 8, 3*j = -4*r + 22. Let i = 6 - j. Suppose -3*f - 5*n = -30, -2*n = i*f - 7*n - 75. List the prime factors of f.
3, 5
Suppose -16 = 2*o - 4*g, -2*g = -3*o - g + 1. Suppose o*s = 459 - 179. List the prime factors of s.
2, 5, 7
Let t = -157 + 316. List the prime factors of t.
3, 53
Let d = -16 + 16. Suppose -6 = -2*y - d*a - a, -3*y + 22 = -5*a. Suppose 4*o = -4, 5*n - 5*o - 29 = -y. What are the prime factors of n?
2
Let c(f) = f**3 - 13*f**2 - 16*f + 30. Suppose 0 = z - 1 + 3, -3*z + 54 = 4*t. What are the prime factors of c(t)?
2, 3, 5
Let k(m) be the third derivative of -m**6/360 + m**5/20 - m**4/12 + 2*m**2. Let d(u) be the second derivative of k(u). What are the prime factors of d(-8)?
2, 11
Let w(b) = -b**2 - 14*b + 13. Let x be w(-12). Let k = x - -52. List the prime factors of k.
89
Suppose 5*l = 241 + 314. List the prime factors of l.
3, 37
Suppose 20 = 3*m - 5*d - 21, -5*d - 17 = -m. Let z(q) = q - 6. Let j be z(m). Suppose 0 = -3*f + j*h - h + 30, 2*h = -f + 10. What are the prime factors of f?
2, 5
Let l(v) = -v**2 - 5*v + 16. Let x be l(-7). Suppose 0 = -2*b - 5*i - x - 0, 0 = -4*i - 8. List the prime factors of ((-6)/b)/((-21)/532).
2, 19
Let k(n) = -4*n**2 + n - 1. Let a be k(-2). Let h = a + 38. Suppose 17 = 3*d - h. List the prime factors of d.
2, 3
Suppose 16226 - 43749 = -17*i. What are the prime factors of i?
1619
Let r(i) = i**2 - 10*i + 10. Let t be r(11). Let v = 23 - t. Suppose -j + v = -12. List the prime factors of j.
2, 7
Let z be (4 - -4) + 2 + -1. Suppose 0*q - z = -q + h, -4*h + 12 = 4*q. Let x = q - 3. List the prime factors of x.
3
Let l be 16/(-72) - 519/(-27). Suppose -4*j + l = -37. Let y(x) = x**3 - 15*x**2 + 17*x + 1. What are the prime factors of y(j)?
43
Suppose 0 = -8*x + 4*x. What are the prime factors of 17*((x - -3) + -2)?
17
Let y(p) = 2*p**2 + 16*p - 188. List the prime factors of y(-31).
2, 619
Let h be (-104)/(-12) + 2/(-3). Suppose 2*w + h + 2 = 0. What are the prime factors of (-2)/w - (-412)/20?
3, 7
Suppose -5*p + 5380 = -295. What are the prime factors of p?
5, 227
Let p(v) = v - 2. Let s be p(-22). List the prime factors of (12/s)/((-2)/180).
3, 5
Let j be -1*(-11)/((-55)/270). List the prime factors of (-24 - -23)*(j/1 + 0).
2, 3
Suppose -1153 = -w + 2*a, a - 4*a = -w + 1156. What are the prime factors of w?
31, 37
List the prime factors of (-82)/3*27/(-2).
3, 41
Let t(q) = 50*q**2 - 3*q - 40. What are the prime factors of t(-4)?
2, 193
Suppose 2*f - 174 = 5*o, f = -o + 5*o + 84. List the prime factors of (-21)/(-6)*f/2.
7, 23
Suppose -11*b - 567 = -2*b. Let v = b + 65. List the prime factors of v.
2
Let h(m) be the first derivative of -m**3/3 + 8*m**2 + 11*m + 7. What are the prime factors of h(13)?
2, 5
Let h = 0 - -4. Suppose h*u - 81 = -3*x, -3*x + 0*u + 84 = 5*u. Suppose 0*d = -d + x. List the prime factors of d.
23
Suppose 3*j - 6*j - 5*t + 947 = 0, 1568 = 5*j - 2*t. List the prime factors of j.
2, 157
Let a(l) = 337*l - 143. What are the prime factors of a(12)?
47, 83
Suppose -2090 + 314 = -4*m. List the prime factors of m.
2, 3, 37
Suppose 0 = 2*y + 4*y - 54. Suppose y*s - 4*s + 4*w = 187, -s - 4*w + 47 = 0. List the prime factors of 46/7 + 15/s.
7
Let h = -2114 - -4184. Suppose -h = -4*g - 5*g. List the prime factors of g.
2, 5, 23
List the prime factors of (-11769)/(-7) - 3/63*6.
41
Let z = 305 - 106. List the prime factors of z.
199
Let y(m) = -2*m - 1. Let d be y(-3). Suppose 0*g - 10 = -d*g. Suppose x = 2*w - 57, -5*w = -2*w + g*x - 68. What are the prime factors of w?
2, 13
Let z be (-2)/7 + (-12)/(-42). Let q be -10*(2 + (-5)/2). Suppose 0 = 3*o - z*o + 4*t - 60, -2*t = q*o - 86. What are the prime factors of o?
2
Suppose -2*i = 2*w - 492, -7*i + 8*i - 246 = 4*w. List the prime factors of i.
2, 3, 41
Let m(f) = f - 1. Let c(d) = -20*d - 6. Let k(l) = c(l) - 5*m(l). List the prime factors of k(-3).
2, 37
Suppose 4*g = -5*d + 2959, 4*d + 299 - 2517 = -3*g. What are the prime factors of g?
2, 373
Let n = -745 - -1298. What are the prime factors of n?
7, 79
Let o be 9 + 3/(-1) + -3. Suppose -j + 5*j = -2*t + 16, 1 = o*j - 4*t. Suppose j*n - 111 = -0*n. List the prime factors of n.
37
Let p = 251 - 94. List the prime factors of p.
157
Suppose -11 = -h + 21. Let l be h/(-6) - 2/3. What are the prime factors of (-2)/6 + (-122)/l?
2, 5
Let j(f) = 23*f**2 + 1. Suppose 0 = -q + 5*g + 27, -3*g - 2*g = -2*q + 29. Suppose 2*a + 4*o + 18 = 0, 0 = q*a - 4*o + o - 17. List the prime factors of j(a).
2, 3
Let y = 5 - 0. Suppose 3*p - 4*p + 13 = -2*r, y = -r. What are the prime factors of (p - 1) + 36 - -3?
41
Suppose -121*x = -131*x + 25430. What are the prime factors of x?
2543
Suppose 11*l - 4186 = -3*l. List the prime factors of l.
13, 23
Suppose 2*z - 376 = -3*p, p + 506 = 5*p - 2*z. What are the prime factors of p?
2, 3, 7
Suppose p - 254 = -30. Let z = p + -93. What are the prime factors of z?
131
Let z(o) = -o**2 - 19*o + 20. Let p be z(-20). Suppose 2*g + m + 0*m - 177 = p, 0 = 2*g - 2*m - 192. What are the prime factors of g?
7, 13
Let w = -4536 + 8021. List the prime factors of w.
5, 17, 41
Let m = 4 + -13. Let l = 27 + -15. Let y = l + m. List the prime factors of y.
3
Let y(f) = -3*f - f - f - 18 - 5*f. Let i be y(-8). Suppose -44 = -4*s + 3*s + 4*r, -s = 5*r - i. List the prime factors of s.
2, 13
Suppose 3*v + 84 = v + 4*t, 0 = -3*t + 9. List the prime factors of (-2220)/v - 2/(-6).
2, 31
Let r = -280 + 349. What are the prime factors of r?
3, 23
Suppose -11*p = -21*p + 40. Suppose p*v = l + 390, -3*v - 4*l = -0*l - 283. List the prime factors of v.
97
Let k be 6/51 + (-87)/17. Let d(w) = -14*w + 31. What are the prime factors of d(k)?
101
List the prime factors of ((-75435)/(-846))/((-2)/(-24)).
2, 5, 107
Suppose o + 4*p - 1 = -25, -3*o + 5*p = 55. List the prime factors of (-170)/o - (-2)/(-4).
2
Let s(v) = v + 4. Let z be s(-7). List the prime factors of (-3 - 21/z) + 108.
2, 7
Suppose 2*c - 1997 = -5*k, -9*c + 10*c = 2*k + 976. What are the prime factors of c?
2, 17, 29
Suppose -4*h + 20912 = 4*g, -4*h = -g + 6*g - 20913. What are the prime factors of h?
5227
Suppose -306 = -193*n + 191*n. What are the prime factors of n?
3, 17
Let w(c) = 2*c**2 + 4*c - 16. Let d be 10*(-1 + (-5)/(-25)). What are the prime factors of w(d)?
2, 5
Suppose -26*c = 7*c - 68739. What are the prime factors of c?
2083
Suppose -6*b = -2*b + 192. Let o be (-3)/(-5) + b/(-20). Suppose 4*y - 20 = o*y. List the prime factors of y.
2, 5
Let k(n) = -n**3 + 18*n**2 - 16*n - 14. Let b be k(17). Suppose 2*j = 2*l - 156 + 22, 0 = -l + b*j + 67. What are the prime factors of l?
67
Let w be -4 - (5 + -2) - 2. Let p be (w + 2 + -4)*1. Let h = 13 + p. What are the prime factors of h?
2
Let k(u) = 25 - 12 - 8 + 9*u. List the prime factors of k(11).
2, 13
Suppose -26 = -4*z - 6. Suppose z*n - 11 - 564 = 0. List the prime factors of n.
5, 23
Let n(x) = -x**2 - 7*x + 5. Let v be n(-7). Suppose -5*z + 75 = -v*b, 0 = 2*z + 2*z + 2*b - 30. What are the prime factors of z?
2, 5
Let i(j) = j**2 - 6*j + 5. Let k be i(8). Let t = -13 + k. What are the prime factors of (-7 + 4)*t/(-3)?
2
Suppose -5*v + 10*v - 55 = 0. Suppose 6*k + 110 = v*k. List the prime factors of k.
2, 11
Suppose -25*u = -20*u + 70. Let z = u + 20. Suppose -j = -z*j + 260. List the prime factors of j.
2, 13
Suppose 3*t = -3*x - 960, -4*x = x + 10. Let m = -54 - t. What are the prime factors of m?
2, 3, 11
Let o be 1/(-2)*(-3 - 41). Suppose o = i - 0. Suppose 2*h = 2*y + i, -43 = -3*h - h + 5*y. What are the prime factors of h?
2, 3
Let n = 30 - 24. Suppose n*p = 5*p + 3. Suppose -p*z = -4*z + 34. List the prime factors of z.
2, 17
Let y be ((-24)/(-16))/(((-2)/(-4))/1). List the prime fac